8
Let f be ((1 - 0) + 1)*(-3)/6. Let z be (f - -4)/((-25)/14 - -2). Suppose -z*q + 257 + 2291 = 0. What is the tens digit of q?
8
Let p(k) = 87*k**2 + 94*k - 437. What is the units digit of p(5)?
8
Let a(c) = 110*c - 2359. What is the thousands digit of a(33)?
1
Let k(j) be the third derivative of 19*j**4/12 - j**3/6 - 18*j**2. What is the tens digit of k(6)?
2
Suppose -47*r = -54*r + 28. Suppose t - 3*h - 18 = 0, -r*t - t = 4*h + 5. Suppose -2*p + 2*v = -t*p + 174, -4*v - 522 = -3*p. What is the units digit of p?
4
Let j be 3 - (-4)/(-6)*(-21 - -909). What is the thousands digit of (-4)/(-38) - 754447/j?
1
Let d(h) = 6*h**3 - 62*h**2 + 56*h - 1134. What is the hundreds digit of d(23)?
3
Suppose 3*m = -5*p - 57446 + 270889, -3*m - 85394 = -2*p. What is the hundreds digit of p?
6
Let c(k) = 3*k**2 + 1. Let h be c(1). Suppose 2*j - 10 - 8 = -3*t, -7 = -t - j. Suppose t*u = 4*y - 12, 5*u + h = u. What is the units digit of y?
2
Let b(p) = 74*p + 13*p**2 + 21*p**3 - 24*p**3 + 2*p**3 - 22. What is the units digit of b(17)?
0
Suppose -7*s + 14*s = 0, 4*a + s = 16964. What is the hundreds digit of a?
2
Let f = 1513 + -36. What is the hundreds digit of f?
4
Let w(x) = -x**3 - 15*x**2 - 27*x + 21. Let p = -3 - 12. What is the hundreds digit of w(p)?
4
Let a = 5621 + -3199. What is the units digit of a?
2
Let t(g) = 31773*g**3 + 12*g**2 - 14*g + 2. What is the thousands digit of t(1)?
1
Let i be 1463528/396 + (-4)/(-18). Suppose 480 = 8*t - i. What is the tens digit of t?
2
Let z(d) = -51*d**3 - 13*d**2 - 9*d - 1. What is the tens digit of z(-7)?
1
Let a(n) = n**3 - 6*n**2 + 6*n - 3. Let j be a(5). Suppose 5*f + 3*w = j*w + 1212, -3*f + 726 = w. Let y = -52 + f. What is the units digit of y?
1
Let w(p) = 6*p - 2*p**2 - 5 - 3*p**2 + p**2 + 3*p**2. Let u be w(4). Suppose 101 = u*l + 2*a, 12*a - 9*a = 12. What is the tens digit of l?
3
Let g be ((-2)/3)/(1/(-3)). Let o be (16/24)/(g*(-1)/(-2880)). Suppose k - o = -5*k. What is the hundreds digit of k?
1
Suppose p + 2*h = 19752, -375*p = -380*p + 2*h + 98712. What is the units digit of p?
4
Let j = 20409 - 9673. What is the hundreds digit of j?
7
What is the hundreds digit of 8/((360/(-134205))/(-6))?
8
Let j = 33160 - 10082. What is the ten thousands digit of j?
2
Let o be (8 + 10)*8/6. Let c be 32/o - (-26)/(-6). What is the tens digit of -2 + 180/2 + c?
8
Let f = 2206 + 287. What is the units digit of f?
3
Suppose -62*t + 163664 = -8*t - t. What is the thousands digit of t?
3
Suppose -2*m - 2*g + 13196 = 0, -10*g + 32972 = 5*m - 8*g. What is the units digit of m?
2
Let a(d) = 49*d**2 + 36*d - 31. What is the hundreds digit of a(-12)?
5
Let x be 26/39 - 1/(-3). Let l be ((-2)/(-4))/(x/48). What is the tens digit of 2/6 - (-2608)/l?
0
Suppose -j - 98 = 4*p, -9*p = -12*p - 4*j - 80. What is the tens digit of (-24)/32 - 31098/p?
9
Suppose -4*j = -h - 3, 0 = -2*j + 2*h - 1 + 7. Let w(a) be the third derivative of a**4/8 + 31*a**3/3 + a**2. What is the units digit of w(j)?
2
Suppose 5*w = -3*b + 3, 4*w + 2*b + 42 = 44. Suppose -3*m + 4*s + 1093 = -1095, w = 4*m + 3*s - 2909. What is the tens digit of m?
2
Let d(h) = h - 13. Let a be d(15). Suppose a*g - 6 = -g. Suppose g*s + 43 = -y + 126, -141 = -3*s + 4*y. What is the units digit of s?
3
Suppose 5*p - 3*q - 20 = 0, q = 4*p - q - 18. Suppose -p = 2*f - 33. Suppose f*m - 17*m + 276 = 0. What is the units digit of m?
9
Let h = 82 + 2725. What is the thousands digit of h?
2
Let t = 5571 + 5379. What is the ten thousands digit of t?
1
Let r(d) = -3*d**2 + 181*d + 108. What is the units digit of r(54)?
4
Suppose -2*a + 5*v = 9*v - 7532, 0 = 5*a - 3*v - 18765. What is the thousands digit of a?
3
Let r(i) = -4*i**3 - 41*i**2 - 42*i - 53. Let k(x) = 3*x**3 + 40*x**2 + 41*x + 51. Let z(q) = 5*k(q) + 4*r(q). What is the units digit of z(37)?
3
What is the units digit of 3 + 317911/11 + -14?
0
Suppose 0 = -51*f + 46*f + 37575. What is the tens digit of f?
1
Suppose -6*f - 219 = -9*f. Let m = 72 - f. Let d(h) = -106*h**3 + 2*h**2. What is the units digit of d(m)?
8
Let o(d) = -180*d - 177*d - 43*d + 1. What is the units digit of o(-2)?
1
Let a(c) = 247*c**2 - 117*c + 803. What is the units digit of a(11)?
3
Let i(q) = 946*q**3 - 16*q**2 - 4*q + 14. What is the thousands digit of i(4)?
0
Suppose 4*x - 5*i - 333870 = 0, -4*x + 3*i + 189887 = -143987. What is the units digit of x?
0
Suppose 2*m = h - 437, -m + 4*h - 222 = -0*h. Let c be (-3)/5 + 3820/(-50). Let x = c - m. What is the hundreds digit of x?
1
Let f be (-646)/(-95) + (-1)/(-5). Suppose -f*m + 24 = -46. What is the tens digit of (-5)/(m/(-332)) - 3?
6
Let y(z) = 2*z**3 - 81*z**2 - 43*z + 194. Let c be y(41). Let i = -22 - -54. Let u = c - i. What is the units digit of u?
0
Let g = 60 + -56. Let y be (4 - g)/(-2 + -1 - 0). Suppose -4*b - 3*z + 50 = y, 2*b = -2*b - 2*z + 48. What is the units digit of b?
1
Let j = -155 - -161. Suppose 7014 = -j*f + 27*f. What is the tens digit of f?
3
Let z = -1538 - -3035. What is the hundreds digit of z?
4
Let y be (-23 + -784)*(2 - (-7)/(-3)). What is the tens digit of (y - 0) + (6 + -4)*2?
7
Let b(x) be the second derivative of -x**4/12 - 19*x**3/6 + 23*x**2/2 - x. Let l(n) = -128*n**2 - 249*n - 5. Let t be l(-2). What is the units digit of b(t)?
3
Let v be 3/5 + 2924/85. Suppose 32*x + 4986 = v*x. What is the tens digit of x?
6
Suppose 0 = 3*r - 7*r + 296. Suppose -r + 24 = 5*t. Let y(b) = b**2 + 2*b - 34. What is the units digit of y(t)?
6
Suppose 29*f - 280670 = -36*f. What is the thousands digit of f?
4
Let j be ((6 - 9) + 144/(-1))*-3. Suppose j = -4*d - 5*d. Let f = d + 90. What is the tens digit of f?
4
Suppose 475*u = 471*u + 12648. What is the units digit of u?
2
Let n(p) = -3*p**2 - 4*p + 2. Let j be n(2). Let d = -18 - j. Suppose -3*q + 215 + 100 = d. What is the hundreds digit of q?
1
Let q = 584 - 560. Suppose 0 = q*x - 683 - 1333. What is the tens digit of x?
8
Let h(k) = k**3 - 2*k**2 + 19*k - 3. Let n be h(8). Let q = 186 + -183. Suppose n = 5*f + q*y, 0 = 4*f + f - 3*y - 557. What is the units digit of f?
9
Let q(d) = d**3 - 16*d**2 + 8*d + 28. Let a be q(16). What is the hundreds digit of a/(-10)*(-1520)/228?
1
Let g(i) = -329*i - 8. Let l be g(-1). Let p = l + -216. What is the hundreds digit of p?
1
Let h(a) = -a - 1. Let u be h(3). Let k be (-2)/(-8) + 1/u. Let l(p) = p**2 + 79. What is the tens digit of l(k)?
7
Let z(p) = -p**3 - 2*p**2 - 4*p - 1. Let s be z(-3). Let b(h) = 525 + h**3 - 528 + 14*h**2 + 25*h - 35*h**2. What is the tens digit of b(s)?
9
Suppose 0 = -2*p + 16 - 4. What is the hundreds digit of p/((-54)/(-2599)) - (-2)/9?
2
Suppose 2*u - 4*k - 13 = -k, -3*u = 4*k - 28. Suppose 3*p - u*b + 7*b = 372, -3*b - 124 = -p. What is the tens digit of p?
2
Let b(y) = -y**2 + 11. Let i be b(8). Let t = i - -55. Suppose -3*m = -5*a - 2 - 117, 92 = t*m + 3*a. What is the tens digit of m?
4
Let i = -1058 - -1540. Let t(l) = l**2 + 19*l - 64. Let u be t(-22). Suppose 208 = 2*r - w, -56 - i = -5*r - u*w. What is the units digit of r?
6
Suppose -1084 - 2960 = 12*q. Let j = -75 - q. What is the hundreds digit of j?
2
Suppose k - 6 = -2*k. Suppose 0*m = -4*m + k*z + 22, 4*m + 4*z - 4 = 0. Suppose -m*w = -21 - 107. What is the units digit of w?
2
Let y be (-4)/(0 - 1) + 7/(-7). Suppose -y*s + 2*s + 3 = 0. Suppose 549 + 52 = 4*c - k, -s*c + 449 = k. What is the hundreds digit of c?
1
Suppose 0 = -2*q - 4*a + 125504, 2*a - 3447 + 317111 = 5*q. What is the ten thousands digit of q?
6
Let t(v) = 75*v**2 + 13*v - 37. Let m be t(4). What is the units digit of 3 - (-2)/(6/m)?
8
Let x(u) be the second derivative of u**4/4 + 4*u**3/3 - 4*u**2 - u. Suppose -9 - 295 = 38*m. What is the units digit of x(m)?
0
What is the units digit of (((-332430)/(-19))/3 - -1) + 294/(-2793)?
3
Suppose -190062 = -25*n - 46337. What is the hundreds digit of n?
7
Suppose 2*q - 15 = -5. Let z(o) = o**3 + 4*o**2 - o - 2. Let g be z(-4). Suppose -v - 318 = -5*f, -g*f = -3*f - q*v + 48. What is the tens digit of f?
6
Suppose 49*i + 616533 = 200*i. What is the tens digit of i?
8
Suppose -5*o + 20 = 0, r + 2*r - o = 353. What is the hundreds digit of (-6 - r/(-14))*242?
6
Let b = 40 - 37. Suppose 0 = b*r - 7*r + 20. Suppose r*j = 6*j - 69. What is the tens digit of j?
6
Let f(a) = 171*a**3 - 